nd 9747?
19
Calculate the highest common factor of 4 and 76.
4
What is the highest common factor of 75 and 1375?
25
What is the highest common divisor of 56 and 14?
14
Calculate the greatest common factor of 22 and 11.
11
Calculate the highest common divisor of 2115 and 45.
45
Calculate the highest common divisor of 12570 and 75.
15
What is the greatest common factor of 315 and 3045?
105
What is the highest common factor of 18 and 144?
18
What is the greatest common divisor of 39 and 21?
3
Calculate the greatest common divisor of 23043 and 3.
3
Calculate the highest common divisor of 9 and 117.
9
Calculate the highest common divisor of 1081 and 47.
47
Calculate the highest common factor of 1092 and 98.
14
What is the highest common divisor of 29 and 1856?
29
Calculate the highest common divisor of 516 and 12.
12
What is the greatest common factor of 12648 and 68?
68
What is the greatest common factor of 6 and 1434?
6
Calculate the highest common factor of 38 and 418.
38
What is the highest common divisor of 21 and 7?
7
Calculate the greatest common divisor of 8 and 8.
8
What is the highest common factor of 294 and 5194?
98
Calculate the greatest common factor of 5194 and 196.
98
Calculate the highest common divisor of 98 and 1274.
98
What is the greatest common factor of 24 and 6816?
24
Calculate the highest common factor of 6 and 534.
6
What is the greatest common divisor of 249 and 664?
83
Calculate the highest common divisor of 219 and 73.
73
Calculate the highest common divisor of 165456 and 432.
432
What is the greatest common factor of 1235 and 855?
95
Calculate the highest common divisor of 22200 and 592.
296
Calculate the highest common divisor of 160 and 432.
16
Calculate the highest common factor of 25 and 8950.
25
What is the highest common factor of 15 and 1275?
15
What is the highest common divisor of 667 and 46?
23
Calculate the highest common divisor of 26 and 2171.
13
What is the highest common factor of 25 and 265?
5
What is the greatest common factor of 19815 and 15?
15
Calculate the highest common divisor of 84 and 5061.
21
What is the greatest common divisor of 154 and 98?
14
Calculate the highest common divisor of 900 and 24.
12
Calculate the highest common factor of 21 and 1407.
21
What is the greatest common factor of 185 and 6660?
185
What is the greatest common factor of 2 and 4?
2
Calculate the highest common divisor of 14496 and 96.
96
What is the highest common factor of 87 and 696?
87
What is the greatest common factor of 182 and 98?
14
Calculate the highest common divisor of 186 and 54.
6
Calculate the highest common divisor of 18 and 90.
18
What is the greatest common divisor of 279 and 99?
9
What is the greatest common factor of 377 and 87?
29
What is the greatest common divisor of 2 and 13?
1
Calculate the highest common divisor of 37 and 5365.
37
What is the greatest common divisor of 793 and 549?
61
What is the highest common divisor of 57 and 1064?
19
What is the greatest common divisor of 450 and 200?
50
Calculate the greatest common factor of 1624 and 896.
56
Calculate the highest common factor of 128 and 6.
2
What is the highest common divisor of 9226 and 70?
14
What is the highest common factor of 427 and 122?
61
Calculate the greatest common divisor of 547 and 1.
1
What is the highest common factor of 200 and 225?
25
What is the greatest common divisor of 1679 and 46?
23
What is the highest common divisor of 531 and 59?
59
What is the greatest common divisor of 392 and 329?
7
What is the highest common factor of 26 and 286?
26
What is the greatest common factor of 1222 and 104?
26
Calculate the greatest common divisor of 370 and 160.
10
What is the greatest common factor of 158 and 7110?
158
What is the highest common factor of 344 and 8?
8
Calculate the highest common factor of 21076 and 88.
44
What is the greatest common divisor of 120 and 336?
24
What is the greatest common divisor of 38 and 323?
19
Calculate the highest common factor of 276 and 3358.
46
What is the greatest common factor of 732 and 48?
12
What is the greatest common divisor of 80 and 400?
80
What is the highest common divisor of 36 and 12?
12
What is the highest common factor of 4118 and 29?
29
What is the highest common divisor of 105 and 1015?
35
Calculate the highest common factor of 28 and 8.
4
Calculate the highest common divisor of 391 and 66079.
391
What is the highest common divisor of 32 and 1504?
32
What is the greatest common divisor of 112 and 1624?
56
Calculate the greatest common factor of 55 and 1485.
55
What is the greatest common divisor of 441 and 693?
63
Calculate the greatest common factor of 55 and 25.
5
What is the highest common divisor of 5 and 985?
5
What is the highest common divisor of 828 and 72?
36
What is the greatest common divisor of 352 and 792?
88
What is the greatest common divisor of 23 and 5497?
23
Calculate the greatest common factor of 675 and 27.
27
What is the highest common divisor of 546 and 1176?
42
What is the greatest common factor of 308 and 286?
22
Calculate the greatest common factor of 690 and 1058.
46
Calculate the greatest common factor of 427 and 183.
61
What is the greatest common divisor of 13320 and 120?
120
Calculate the highest common divisor of 72 and 8.
8
Calculate the greatest common factor of 96 and 3.
3
What is the greatest common factor of 1980 and 275?
55
Calculate the highest common divisor of 140 and 5285.
35
What is the greatest common factor of 2483 and 13?
13
Calculate the greatest common factor of 2450 and 98.
98
Calculate the greatest common divisor of 99 and 4653.
99
Calculate the highest common factor of 12 and 14988.
12
Calculate the highest common factor of 3 and 14.
1
What is the greatest common divisor of 32 and 94?
2
Calculate the greatest common factor of 33099 and 22.
11
Calculate the highest common factor of 20 and 4.
4
What is the greatest common factor of 108 and 300?
12
What is the highest common factor of 272 and 1292?
68
What is the greatest common divisor of 212 and 50?
2
What is the highest common divisor of 59 and 472?
59
What is the greatest common divisor of 161 and 21?
7
What is the highest common divisor of 115 and 5?
5
Calculate the highest common divisor of 49 and 322.
7
What is the highest common divisor of 243 and 2214?
27
Calculate the highest common divisor of 1287 and 351.
117
Calculate the greatest common divisor of 16471 and 91.
91
Calculate the highest common factor of 19 and 304.
19
Calculate the greatest common divisor of 70 and 160.
10
Calculate the greatest common divisor of 56154 and 294.
294
Calculate the highest common factor of 282 and 235.
47
Calculate the highest common divisor of 2 and 17.
1
What is the highest common factor of 1034 and 286?
22
What is the highest common factor of 91 and 364?
91
What is the greatest common divisor of 68 and 306?
34
What is the highest common divisor of 10 and 290?
10
Calculate the greatest common factor of 13 and 1625.
13
Calculate the highest common factor of 42 and 11046.
42
Calculate the greatest common factor of 11 and 352.
11
What is the highest common divisor of 63 and 10647?
63
What is the greatest common factor of 490 and 100?
10
What is the highest common divisor of 8 and 1?
1
Calculate the highest common divisor of 2036 and 4.
4
What is the greatest common divisor of 30 and 480?
30
What is the highest common factor of 27 and 189?
27
What is the greatest common factor of 146 and 1?
1
Calculate the greatest common divisor of 900 and 650.
50
Calculate the highest common divisor of 48 and 268.
4
Calculate the highest common factor of 1950 and 26.
26
Calculate the greatest common factor of 5 and 1195.
5
What is the highest common factor of 170 and 85?
85
What is the greatest common divisor of 990 and 90?
90
Calculate the highest common divisor of 78 and 24.
6
What is the greatest common divisor of 10 and 5010?
10
What is the highest common divisor of 88 and 15686?
22
Calculate the greatest common factor of 138 and 24495.
69
Calculate the greatest common divisor of 252 and 56.
28
What is the highest common factor of 3586 and 77?
11
What is the greatest common factor of 25 and 1075?
25
What is the highest common factor of 321 and 22?
1
What is the greatest common divisor of 8512